3
What are the prime factors of 1581?
3, 17, 31
List the prime factors of 2408.
2, 7, 43
List the prime factors of 2095.
5, 419
List the prime factors of 17471.
17471
What are the prime factors of 44786?
2, 7, 457
List the prime factors of 16936.
2, 29, 73
What are the prime factors of 175?
5, 7
List the prime factors of 8369.
8369
What are the prime factors of 2468?
2, 617
List the prime factors of 302.
2, 151
List the prime factors of 1171.
1171
List the prime factors of 116.
2, 29
What are the prime factors of 58167?
3, 23, 281
What are the prime factors of 4727?
29, 163
What are the prime factors of 12699?
3, 17, 83
List the prime factors of 105630.
2, 3, 5, 7, 503
What are the prime factors of 2194?
2, 1097
List the prime factors of 1343.
17, 79
List the prime factors of 10309.
13, 61
List the prime factors of 1820.
2, 5, 7, 13
What are the prime factors of 951?
3, 317
What are the prime factors of 10276?
2, 7, 367
What are the prime factors of 3828?
2, 3, 11, 29
What are the prime factors of 9416?
2, 11, 107
List the prime factors of 81.
3
What are the prime factors of 17394?
2, 3, 13, 223
What are the prime factors of 139437?
3, 15493
What are the prime factors of 28408?
2, 53, 67
List the prime factors of 2665.
5, 13, 41
List the prime factors of 1589.
7, 227
What are the prime factors of 435?
3, 5, 29
What are the prime factors of 51065?
5, 7, 1459
What are the prime factors of 1927?
41, 47
List the prime factors of 56435.
5, 11287
List the prime factors of 1683.
3, 11, 17
What are the prime factors of 1662?
2, 3, 277
What are the prime factors of 1094?
2, 547
What are the prime factors of 3846?
2, 3, 641
List the prime factors of 16801.
53, 317
What are the prime factors of 6859?
19
What are the prime factors of 4599?
3, 7, 73
List the prime factors of 1919.
19, 101
What are the prime factors of 50262?
2, 3, 8377
What are the prime factors of 1653?
3, 19, 29
What are the prime factors of 763?
7, 109
What are the prime factors of 470?
2, 5, 47
What are the prime factors of 4670?
2, 5, 467
List the prime factors of 426.
2, 3, 71
List the prime factors of 33132.
2, 3, 11, 251
List the prime factors of 1078.
2, 7, 11
List the prime factors of 33812.
2, 79, 107
List the prime factors of 4065.
3, 5, 271
List the prime factors of 59882.
2, 79, 379
List the prime factors of 9749.
9749
List the prime factors of 2545.
5, 509
What are the prime factors of 1440?
2, 3, 5
List the prime factors of 60198.
2, 3, 79, 127
What are the prime factors of 7325?
5, 293
List the prime factors of 1098.
2, 3, 61
What are the prime factors of 101500?
2, 5, 7, 29
List the prime factors of 5845.
5, 7, 167
List the prime factors of 18014.
2, 9007
What are the prime factors of 4324?
2, 23, 47
List the prime factors of 1171.
1171
What are the prime factors of 38938?
2, 19469
List the prime factors of 79198.
2, 7, 5657
List the prime factors of 25777.
149, 173
List the prime factors of 9758.
2, 7, 17, 41
List the prime factors of 1151.
1151
List the prime factors of 12341.
7, 41, 43
What are the prime factors of 97411?
29, 3359
List the prime factors of 52893.
3, 653
What are the prime factors of 15?
3, 5
List the prime factors of 19185.
3, 5, 1279
List the prime factors of 1296.
2, 3
What are the prime factors of 885?
3, 5, 59
What are the prime factors of 1106?
2, 7, 79
What are the prime factors of 1843?
19, 97
What are the prime factors of 1552?
2, 97
List the prime factors of 56387.
113, 499
What are the prime factors of 17067?
3, 5689
List the prime factors of 11083.
11083
What are the prime factors of 60301?
47, 1283
What are the prime factors of 1442?
2, 7, 103
What are the prime factors of 4766?
2, 2383
What are the prime factors of 30294?
2, 3, 11, 17
List the prime factors of 373.
373
What are the prime factors of 41698?
2, 20849
What are the prime factors of 12415?
5, 13, 191
List the prime factors of 18300.
2, 3, 5, 61
List the prime factors of 69163.
69163
List the prime factors of 4440.
2, 3, 5, 37
What are the prime factors of 2123?
11, 193
What are the prime factors of 581?
7, 83
What are the prime factors of 15119?
13, 1163
What are the prime factors of 2412?
2, 3, 67
List the prime factors of 14485.
5, 2897
List the prime factors of 102262.
2, 51131
List the prime factors of 27051.
3, 71, 127
List the prime factors of 731.
17, 43
List the prime factors of 1142.
2, 571
What are the prime factors of 8309?
7, 1187
What are the prime factors of 2361?
3, 787
What are the prime factors of 1272?
2, 3, 53
What are the prime factors of 12864?
2, 3, 67
What are the prime factors of 1417?
13, 109
List the prime factors of 1678.
2, 839
What are the prime factors of 2274?
2, 3, 379
What are the prime factors of 9855?
3, 5, 73
What are the prime factors of 458?
2, 229
What are the prime factors of 761?
761
What are the prime factors of 33279?
3, 11093
List the prime factors of 12052.
2, 23, 131
What are the prime factors of 1023?
3, 11, 31
List the prime factors of 5727.
3, 23, 83
List the prime factors of 3265.
5, 653
What are the prime factors of 9919?
7, 13, 109
List the prime factors of 19896.
2, 3, 829
What are the prime factors of 764?
2, 191
List the prime factors of 88090.
2, 5, 23, 383
List the prime factors of 13661.
19, 719
What are the prime factors of 488?
2, 61
List the prime factors of 145238.
2, 101, 719
What are the prime factors of 6041?
7, 863
What are the prime factors of 1661?
11, 151
What are the prime factors of 226?
2, 113
What are the prime factors of 53857?
53857
List the prime factors of 3138.
2, 3, 523
What are the prime factors of 111994?
2, 55997
What are the prime factors of 16156?
2, 7, 577
List the prime factors of 1017.
3, 113
What are the prime factors of 14924?
2, 7, 13, 41
List the prime factors of 125096.
2, 19, 823
List the prime factors of 1499.
1499
What are the prime factors of 1908?
2, 3, 53
List the prime factors of 1201.
1201
List the prime factors of 3628.
2, 907
What are the prime factors of 22761?
3, 281
What are the prime factors of 10158?
2, 3, 1693
List the prime factors of 937.
937
List the prime factors of 13989.
3, 4663
List the prime factors of 34934.
2, 17467
List the prime factors of 19684.
2, 7, 19, 37
List the prime factors of 10865.
5, 41, 53
List the prime factors of 4173.
3, 13, 107
What are the prime factors of 770?
2, 5, 7, 11
List the prime factors of 48015.
3, 5, 11, 97
What are the prime factors of 8139?
3, 2713
List the prime factors of 10654.
2, 7, 761
List the prime factors of 101176.
2, 12647
List the prime factors of 915.
3, 5, 61
What are the prime factors of 4553?
29, 157
What are the prime factors of 124096?
2, 7, 277
List the prime factors of 5395.
5, 13, 83
What are the prime factors of 2708?
2, 677
List the prime factors of 5584.
2, 349
What are the prime factors of 5963?
67, 89
What are the prime factors of 36196?
2, 9049
What are the prime factors of 1729?
7, 13, 19
What are the prime factors of 3984?
2, 3, 83
List the prime factors of 1808.
2, 113
List the prime factors of 58066.
2, 29033
What are the prime factors of 18494?
2, 7, 1321
List the prime factors of 54833.
54833
List the prime factors of 19668.
2, 3, 11, 149
List the prime factors of 687.
3, 229
What are the prime factors of 26292?
2, 3, 7, 313
List the prime factors of 4256.
2, 7, 19
What are the prime factors of 909?
3, 101
List the prime factors of 3448.
2, 431
List the prime factors of 99814.
2, 11, 13, 349
List the prime factors of 902.
2, 11, 41
List the prime factors of 14507.
89, 163
What are the prime factors of 19715?
5, 3943
List the prime factors of 338.
2, 13
List the prime factors of 7549.
7549
List the prime factors of 23289.
3, 7, 1109
List the prime factors of 42682.
2, 21341
List the prime factors of 5916.
2, 3, 17, 29
What are the prime factors of 434?
2, 7, 31
What are the prime factors of 864?
2, 3
List the prime factors of 366.
2, 3, 61
What are the prime factors of 18455?
5, 3691
List the prime factors of 805.
5, 7, 23
What are the prime factors of 6664?
2, 7, 17
What are the prime factors of 9006?
2, 3, 19, 79
List the prime factors of 1831.
1831
What are the prime factors of 79825?
5, 31, 103
List the prime factors of 37048.
2, 11, 421
List the prime factors of 4606.
2, 7, 47
List the prime